524*p - 7. What is t(0)?
-7
Let s(f) = -f**3 + 28*f**2 + 7*f - 1665. Give s(26).
-131
Let q(s) = 5*s**3 - 20*s**2 - 5759*s - 44. Calculate q(36).
-8
Let b(o) = 10*o**2 - 281*o + 22. Calculate b(28).
-6
Let k(d) = d**3 - 118*d**2 - 701*d + 13. What is k(-6)?
-245
Let g(r) = -8266*r + 1157238. Determine g(140).
-2
Let j(u) = -1029539*u - 4118161. Give j(-4).
-5
Let n(v) = -v**3 - 18*v**2 - 11753*v - 199304. Determine n(-17).
208
Let g(c) = 16*c**2 - 2465*c + 126. Give g(154).
-28
Let s(b) = -b**2 + 11346*b + 398368. What is s(-35)?
33
Let t(x) = -5*x**3 + 107*x**2 - 22*x - 399. What is t(21)?
21
Let g(k) = -k**3 + 58*k**2 + 4194*k + 651. Give g(100).
51
Let v(u) = 60*u**2 - 827*u + 113. What is v(14)?
295
Let s(g) = g**3 - 8*g**2 - 291*g + 380. Determine s(21).
2
Let d(y) = -y**3 - 9*y**2 + 2*y + 4. Calculate d(6).
-524
Let b(g) = 45*g**2 + 904*g - 2725. Give b(3).
392
Let m(n) = -4*n**2 - 120*n + 7233. What is m(-60)?
33
Let t(v) = -49*v - 2911. Give t(-45).
-706
Let j(v) = 4*v**2 - 131*v + 79. What is j(0)?
79
Let l(j) = 2*j**2 + 3942*j + 188383. What is l(-49)?
27
Let v(y) = -723*y + 16359. Determine v(24).
-993
Let f(w) = 1335*w - 66191. Give f(49).
-776
Let u(m) = -4564*m - 136876. Calculate u(-30).
44
Let z(a) = 31*a**3 + 10156*a**2 - 10156*a - 1. Calculate z(1).
30
Let m(i) = 217*i**2 + 7*i + 3. Give m(-1).
213
Let l(n) = n**2 - 196*n + 9261. What is l(113)?
-118
Let s(v) = v**3 - 10*v**2 - 10*v + 120. What is s(6)?
-84
Let k(d) = -d**3 - 89*d**2 - 1488*d - 89. What is k(-67)?
849
Let x(t) = 13947*t + 5160397. Determine x(-370).
7
Let h(g) = -8*g**2 + 879*g - 3305. Determine h(106).
-19
Let k(j) = 21*j**3 - 52*j**2 + 18*j + 34. What is k(2)?
30
Let j(l) = -2*l**3 + 44*l**2 - 178*l - 623. What is j(12)?
121
Let k(h) = -19*h - 2110. Determine k(-67).
-837
Let r(n) = 2678*n + 24114. Give r(-9).
12
Let b(z) = -z**2 - 27965*z + 6342741. Determine b(225).
-9
Let n(u) = -496*u - 37770. What is n(-78)?
918
Let a(b) = b**3 - 330*b**2 + 1678*b - 323. Calculate a(5).
-58
Let z(y) = 29*y**3 + 55*y**2 - 45*y - 95. Calculate z(-2).
-17
Let g(b) = 3*b**3 - 63*b**2 + 222*b - 317. Determine g(17).
-11
Let g(u) = 80*u + 58723. Determine g(-734).
3
Let x(s) = -120*s - 4942. Give x(-36).
-622
Let w(v) = 548*v - 4985. Give w(8).
-601
Let z(b) = b**3 + 19*b**2 + 100*b - 77. Determine z(-17).
-1199
Let c(b) = 5*b**3 + 13*b**2 - 37*b - 74. Calculate c(-7).
-893
Let k(f) = -f**2 - 1058948*f - 6353665. Determine k(-6).
-13
Let u(r) = -457*r + 60995. What is u(133)?
214
Let x(j) = -68*j + 1722. Determine x(23).
158
Let c(m) = 6*m**2 + 498*m + 5111. What is c(-12)?
-1
Let q(c) = c**3 - 119*c**2 - 1713*c - 623. What is q(132)?
-227
Let p(l) = -l**3 - 74*l**2 + 295*l - 985. Give p(-78).
341
Let q(t) = -22502*t - 180047. Give q(-8).
-31
Let n(c) = 3040*c - 1705448. Determine n(561).
-8
Let x(k) = k**2 - 10569*k - 158515. Give x(-15).
245
Let d(s) = -46596*s - 2003634. What is d(-43)?
-6
Let t(q) = 847*q + 63515. Give t(-75).
-10
Let l(b) = 4*b**2 + 464*b - 890. Calculate l(-111).
-3110
Let u(w) = w**3 - 20*w**2 + 17*w + 112. Give u(11).
-790
Let f(a) = 4047*a + 24286. What is f(-6)?
4
Let t(n) = -6007*n + 144199. What is t(24)?
31
Let j(n) = -6*n**2 - 289*n + 22178. Give j(-90).
-412
Let g(a) = -7*a**2 + 2534*a - 50143. Calculate g(21).
-16
Let g(v) = v**3 + 96*v**2 + 275*v - 310. Determine g(-93).
62
Let n(v) = 7285*v**2 - 87444*v + 286. Calculate n(12).
-2
Let t(r) = 2384*r + 38683. What is t(-16)?
539
Let d(j) = -13*j**3 - 81*j**2 + 206*j + 165. Calculate d(-8).
-11
Let i(u) = -u**2 + 114*u - 2223. Determine i(26).
65
Let k(a) = 28*a**3 + a**2 - 170*a - 521. Give k(-3).
-758
Let l(w) = w**2 + 4205*w - 4546525. Calculate l(892).
-1
Let h(l) = 4*l**3 + 16*l**2 + 16*l + 112. Give h(-7).
-588
Let m(r) = -3910*r + 1923727. Determine m(492).
7
Let k(p) = 312*p - 17554. What is k(56)?
-82
Let i(m) = -94395*m - 755156. Calculate i(-8).
4
Let f(m) = -958*m - 5745. What is f(-6)?
3
Let c(k) = -2*k**3 + 77*k**2 + 207*k - 122. Give c(41).
-40
Let q(r) = -1006*r**2 + 25296*r + 8. Determine q(25).
3658
Let r(a) = -a**3 + 71*a**2 + 2247*a + 3130. Determine r(95).
-5
Let k(i) = -1870*i - 43000. Calculate k(-23).
10
Let c(h) = -h**3 - 12*h**2 + 23*h - 4259. What is c(0)?
-4259
Let c(d) = 2*d**3 - 332*d**2 - 10863*d - 198. Determine c(194).
-4
Let q(s) = -65*s - 3430. What is q(-45)?
-505
Let k(p) = 2*p**2 + 14763*p + 1153794. Calculate k(-79).
-1
Let n(a) = 11*a**2 + 212*a + 286. Calculate n(-18).
34
Let z(j) = 2*j**3 + 43*j**2 - 314*j - 27. What is z(-27)?
432
Let r(i) = -2*i**3 + 306*i**2 + 349*i - 6253. What is r(154)?
61
Let d(x) = 3*x**3 + 5*x**2 - 723*x + 2897. Calculate d(4).
277
Let p(u) = 3*u**2 + 3436*u - 54. Determine p(0).
-54
Let l(p) = -4*p**2 + 41*p - 261. What is l(8)?
-189
Let j(l) = 2601*l + 1261472. What is j(-485)?
-13
Let h(n) = -n**3 - 10*n**2 + 1337*n + 14591. What is h(-11)?
5
Let f(z) = -95*z**2 - 231*z + 167. Calculate f(-3).
5
Let d(y) = 3*y**2 + 203*y - 2074. What is d(-85)?
2346
Let r(o) = -1498*o + 13581. Determine r(10).
-1399
Let k(z) = -684*z**2 - 1959*z - 7. What is k(-3)?
-286
Let a(v) = 7107*v - 71040. What is a(10)?
30
Let j(k) = k**3 + 129*k**2 + 10497*k + 20480. What is j(-2)?
-6
Let q(k) = 381*k - 105537. Determine q(277).
0
Let b(x) = -4*x**3 + 238*x**2 + 162*x - 2696. Give b(60).
-176
Let a(o) = -27899*o - 167397. Determine a(-6).
-3
Let j(u) = -15092*u - 7274336. What is j(-482)?
8
Let i(x) = 2*x**3 + 15*x**2 + 6810*x + 27165. Give i(-4).
37
Let y(p) = -2*p**3 - 12*p**2 + 25*p. Give y(5).
-425
Let t(s) = -356066*s + 8189604. Give t(23).
86
Let g(s) = -8637*s + 43062. What is g(5)?
-123
Let w(y) = 27*y**2 - 6220*y - 55694. Determine w(239).
-7
Let l(k) = 8704*k + 1227321. Determine l(-141).
57
Let y(h) = 5*h**2 - 138*h + 1436. Calculate y(46).
5668
Let g(v) = -2*v**3 + 135*v**2 - 20*v - 3409. What is g(67)?
-260
Let g(m) = -3*m**3 - 3*m**2 + 3*m + 908. Calculate g(0).
908
Let v(q) = 29872*q + 3972972. Give v(-133).
-4
Let a(y) = -83*y**2 + 522*y + 461. Determine a(7).
48
Let c(z) = z**3 - 84*z**2 - 3310*z - 972. Calculate c(-29).
-15
Let j(x) = 2*x**3 + 213*x**2 - 4398*x - 7007. What is j(-124)?
185
Let x(i) = 3*i**2 - 336*i - 4726. What is x(126)?
566
Let t(a) = a**3 + 24*a**2 + 144*a - 195. Give t(-20).
-1475
Let s(n) = -630*n**2 + 5002*n + 314. Calculate s(8).
10
Let w(u) = 5834*u + 17488. Determine w(-3).
-14
Let h(t) = 373463*t + 11577365. What is h(-31)?
12
Let m(j) = 22*j**2 - 7944*j + 8647. Calculate m(360).
7
Let z(h) = 1287*h - 32161. Determine z(25).
14
Let r(d) = -13136*d - 236801. What is r(-18)?
-353
Let j(y) = -y**3 - 31*y**2 - 48*y - 1769. What is j(-31)?
-281
Let n(l) = 16*l**2 - 16358*l - 215354. What is n(-13)?
4
Let s(r) = r**2 - 33407*r + 333977. Determine s(10).
7
Let n(p) = p**3 + 440*p**2 + 3997*p + 20. Determine n(-9).
-1042
Let t(x) = 1323*x - 2581. Calculate t(2).
65
Let s(u) = -u**2 + 897*u + 28685. Determine s(-31).
-83
Let h(i) = -6447*i - 83742. Calculate h(-13).
69
Let v(x) = 2*x**3 + 83*x**2 - 1484*x + 194. Give v(-55).
139
Let t(d) = 2*d**2 + 16523*d - 2164782. Determine t(129).
-33
Let q(w) = -w**3 + 22*w**2 + 172*w - 4331. Calculate q(19).
20
Let m(l) = -70*l**3 - l**2 + 7*l + 3365. Determine m(0).
3365
Let d(s) = s**3 - 189*s**2 - 77*s - 20767. Give d(190).
703
Let x(b) = -27*b + 228. What is x(3)?
147
Let z(n) = -2*n**3 - 188*n**2 - 185*n - 3. What is z(-93)?
-96
Let d(v) = 4*v**2 + 433*v + 5758. Calculate d(-96).
1054
Let q(m) = -12*m**2 + 692*m + 4038. What is q(63)?
6
Let v(n) = -3*n**3 + 264*n**2 - 8*n + 376. Determine v(88).
-328
Let l(y) = 40*y**2 - 12224*y + 106743. What is l(9)?
-33
Let t(h) = -h**2 + 2420*h + 26748. What is t(-11)?
7
Let i(z) = 4*z**2 + 1075*z + 4311. What is i(-265)?
336
Let l(h) = -3*h**3 - 95*h**2 - 760*h - 137. Give l(-16).
-9
Let v(h) = 574*h - 188. Give v(-4).
-2484
Let x(m) = -26*m**2 + 240*m - 849. Determine x(8).
-593
Let v(j) = -4*j**3 + 3031*j**2 + 3842*j - 35595. Calculate v(759).
78
Let g(n) = 17*n**3 + 6*n**2 + 6*n - 20. What is g(3)?
511
Let a(t) = 123*t - 2988. Determine a(7).
-2127
Let k(q) = -q**3 + 77*q + 13. Calculate k(8).
117
Let c(w) = w**2 + 5*w - 1595. What is c(-42)?
-41
Let s(l) = -l**2 + 7614*l + 91318. What is s(-12)?
-194
Let w(a) = -24*a**3 - 